{"id":30,"date":"2023-08-04T18:02:20","date_gmt":"2023-08-04T18:02:20","guid":{"rendered":"https:\/\/process-booster.com\/index.php\/anna-page-site-settings\/"},"modified":"2023-09-05T21:01:09","modified_gmt":"2023-09-05T21:01:09","slug":"anna-page-site-settings","status":"publish","type":"page","link":"https:\/\/process-booster.com\/","title":{"rendered":"ProcessBooster"},"content":{"rendered":"<p><a href=\"#scroll-down\"><\/p>\n<p><\/a><\/p>\n<p>PROCESS BOOSTER<\/p>\n<p>Expertos en Transformaci\u00f3n Digital de Procesos y Automatizaci\u00f3n Empresarial<\/p>\n<p>\u00bfQu\u00e9 es<\/p>\n<p>Process Booster?<\/p>\n<p>OPTIMIZACI\u00d3NDIGITALIZACI\u00d3N<\/p>\n<p>Es un software especializado en la gesti\u00f3n digital que aplica la metodolog\u00eda para centralizar y optimizar la estructura de procesos de negocio con capacidad avanzada de an\u00e1lisis para aumentar la productividad y la automatizaci\u00f3n.<\/p>\n<p>Misi\u00f3n<\/p>\n<p>Brindar la eficiencia en la gesti\u00f3n de la informaci\u00f3n mediante la digitalizaci\u00f3n y automatizaci\u00f3n para potenciar la toma de decisiones y aumentar la productividad global de las empresas.<\/p>\n<p>Visi\u00f3n<\/p>\n<p>Ser el mayor proveedor de tecnolog\u00eda eficiente y oportuna en la transformaci\u00f3n de procesos digitales para una mayor rentabilidad de los modelos de negocio.<\/p>\n<p><a href=\"\"><\/p>\n<p><img decoding=\"async\" src=\"https:\/\/process-booster.com\/wp-content\/uploads\/2023\/08\/2023-24.jpg\" \/><\/p>\n<p>\u00bfQUI\u00c9NES SOMOS?<\/p>\n<p><\/a><\/p>\n<p>\u00bfQU\u00c9 OBTIENES?<\/p>\n<p>Hacemos Felices a Nuestros Clientes<\/p>\n<p>En un escenario empresarial donde la eficiencia y la competitividad son factores determinantes, elevar la productividad se convierte en una meta esencial. Para lograrlo, la adopci\u00f3n de enfoques digitales se presenta como una oportunidad fundamental. Transformar los procesos hacia el entorno digital no solo agiliza las operaciones, sino que tambi\u00e9n brinda una mayor visibilidad y control sobre las actividades empresariales.<\/p>\n<p>1\u00b0<\/p>\n<p>Elevar la productividad de tu empresa.<\/p>\n<p>2\u00b0<\/p>\n<p>Transformar tus procesos al mundo digital.<\/p>\n<p>3\u00b0<\/p>\n<p>Gestionar los procesos con la agilidad de Process Booster.<\/p>\n<p>4\u00b0<\/p>\n<p>Descubre oportunidades de optimizaci\u00f3n y automatizaci\u00f3n.<\/p>\n<p><img decoding=\"async\" src=\"https:\/\/process-booster.com\/wp-content\/uploads\/2023\/08\/CUADRO-PARA-PAGINA-WEB.jpg\" \/> <\/p>\n<p><a href=\"https:\/\/survey.zohopublic.com\/zs\/eWzHPM\" target=\"_blank\" rel=\"noopener\">VALORACI\u00d3N INICIAL<\/a><\/p>\n<p>\u00a1Para mejorar hay que medir!<\/p>\n<p>Descubre el estado de tu empresa por medio de un micro an\u00e1lisis.<\/p>\n<p>En el entorno empresarial en constante evoluci\u00f3n, la eficiencia y la organizaci\u00f3n de los procesos son factores cruciales para el \u00e9xito. Evaluar y mejorar la estructura de procesos se convierte en una tarea esencial para garantizar la competitividad y la optimizaci\u00f3n de recursos.<\/p>\n<p>SERVICIOS<\/p>\n<p>ESTAMOS AQU\u00cd PARA TU EMPRESA<\/p>\n<p>Transformaci\u00f3n Digital de Procesos de Negocio<\/p>\n<p>Levantamiento digital de procesos con m\u00e9tricas<\/p>\n<p>Visualizaci\u00f3n de productividad empresarial<\/p>\n<p>Aumento de productividad y rentabilidad<\/p>\n<p>Control y eficiencia en todos los procesos<\/p>\n<p>Consultor\u00eda de procesos actualizados permanentemente<\/p>\n<p>Manuales de puesto actualizados a un clic<\/p>\n<p>Mejora de cultura de proceso en documentaci\u00f3n digital<\/p>\n<p>Capacitaci\u00f3n de gestor de procesos en Process Booster<\/p>\n<p>Gesti\u00f3n innovadora y f\u00e1cil de procesos de negocio<\/p>\n<p>Consultor\u00eda de automatizaci\u00f3n y optimizaci\u00f3n de procesos<\/p>\n<p>Soluci\u00f3n para los problemas comunes y complejos de procesos<\/p>\n<p>Estructuraci\u00f3n digital y an\u00e1lisis de coherencia<\/p>\n<p>Tecnolog\u00eda para mejora de procesos en m\u00faltiples perspectivas<\/p>\n<p>Mejora contin\u00faa enfocada al alto retorno de inversi\u00f3n<\/p>\n<p>Mejora priorizada con ayuda de la tecnolog\u00eda de Process Booster<\/p>\n<p>Facilidad para sus equipos para evaluar las oportunidades de mejora<\/p>\n<p>Detecci\u00f3n de procesos con mayor oportunidad de retorno de inversi\u00f3n<\/p>\n<p>Grandes herramientas para la toma de decisiones<\/p>\n<p>Automatizaci\u00f3n comercial con ZOHO CRM y aplicaciones de apoyo<\/p>\n<p>CRM automatizado y comunicado con m\u00faltiples aplicaciones<\/p>\n<p>Mercadeo m\u00e1s eficiente<\/p>\n<p>Ventas con mayor efectividad<\/p>\n<p>An\u00e1lisis con inteligencia artificial<\/p>\n<p>Automatizaci\u00f3n financiera en con ERP y Aplicaciones adicionales<\/p>\n<p>ERP con est\u00e1ndares internacionales e innovaci\u00f3n<\/p>\n<p>Migraciones de sistemas contables<\/p>\n<p>Aumento de orden, parmetrizaci\u00f3n y eficiencia de sistemas<\/p>\n<p>Reconstruimos departamentos con sistemas colapsados<\/p>\n<p>Arquitectura empresarial automatizada<\/p>\n<p>Optimizaci\u00f3n empresarial integral<\/p>\n<p>Alineamiento de procesos y sistemas empresariales<\/p>\n<p>Capacitaci\u00f3n<\/p>\n<p>Indicadores claves automatizados<\/p>\n<p>Soluciones empresariales<\/p>\n<p>Empresas con sistemas colapsados<\/p>\n<p>Empresas con problemas de gesti\u00f3n de procesos<\/p>\n<p>Empresas con altos niveles de improductividad<\/p>\n<p>An\u00e1lisis de productividad a empresas que ser\u00e1n compradas<\/p>\n<p>\u00bfC\u00f3mo Trabajamos?<\/p>\n<p>Con m\u00e1s de 10 a\u00f1os en el mercado como especialistas en automatizaci\u00f3n y optimizaci\u00f3n de procesos con clientes de m\u00faltiples industrias y varios pa\u00edses de Latinoam\u00e9rica dise\u00f1amos la metodolog\u00eda Process Booster.<\/p>\n<p>Digitalizaci\u00f3n DE LA ESTRUCTURA<\/p>\n<p>Levantamiento de procesos con an\u00e1lisis de coherencia <\/p>\n<p>Activaci\u00f3n de sistema Process Booster y automatizaci\u00f3n de informes de productividad <\/p>\n<p>Capacitaci\u00f3n en Metodolog\u00eda de actualizaci\u00f3n permanente de procesos y mejora continua de alto retorno de inversi\u00f3n<\/p>\n<p>PROBLEMAS EN EMPRESAS<\/p>\n<p>En el actual y desafiante entorno empresarial resulta crucial abordar con detenimiento los obst\u00e1culos que pueden entorpecer el \u00e9xito y la eficiencia de una organizaci\u00f3n.<\/p>\n<p><a href=\"\"><\/p>\n<p><img decoding=\"async\" src=\"https:\/\/process-booster.com\/wp-content\/uploads\/2023\/08\/1-2.jpg\" \/><\/p>\n<p>Poca o nula documentaci\u00f3n de procesos<\/p>\n<p><\/a><\/p>\n<p>Poca o nula documentaci\u00f3n de procesos<\/p>\n<p>Perdida de informaci\u00f3n valiosa cuando un colaborador clave renuncia a la empresa.<\/p>\n<p>Manual de procesos nunca realizado o desactualizado.<\/p>\n<p>No hay cultura de actualizaci\u00f3n de procesos despu\u00e9s de realizar cambios.<\/p>\n<p>Gran parte de la informaci\u00f3n vital de la empresa est\u00e1 en la mente de los colaboradores.<\/p>\n<p>La descripci\u00f3n de los procesos es incompleta.<\/p>\n<p>No hay un material de procesos de lectura simple para ser consultado por colaboradores.<\/p>\n<p>Informalidad en las capacitaciones de nuevos colaboradores sin procesos documentados actualizados.<\/p>\n<p><a href=\"\"><\/p>\n<p><img decoding=\"async\" src=\"https:\/\/process-booster.com\/wp-content\/uploads\/2023\/08\/2-2.jpg\" \/><\/p>\n<p>Malas pr\u00e1cticas en la gobernanza empresarial<\/p>\n<p><\/a><\/p>\n<p>Malas pr\u00e1cticas en la gobernanza empresarial<\/p>\n<p>No se toman decisiones desde el an\u00e1lisis de procesos.<\/p>\n<p>Improductividad o caos entre sistemas, procesos, colaboradores, informes y objetivos.<\/p>\n<p>Aunque hagan esfuerzos de ordenar procesos y sistemas, lo documentado se desactualiza r\u00e1pidamente.<\/p>\n<p>Los procesos actuales no fueron dise\u00f1ados por la gerencia, son producto del esfuerzo de colaboradores.<\/p>\n<p>Baja cultura de procesos, las reuniones se enfocan m\u00e1s en arreglar problemas y no en mejorar procesos (y documentarlos).<\/p>\n<p>No se tiene un control hist\u00f3rico de cambios y decisiones en los procesos, puestos y departamento.<\/p>\n<p>Reportes, indicadores, par\u00e1metros err\u00f3neos o equivocados del negocio.<\/p>\n<p><a href=\"\"><\/p>\n<p><img decoding=\"async\" src=\"https:\/\/process-booster.com\/wp-content\/uploads\/2023\/08\/3-2.jpg\" \/><\/p>\n<p>Falta de optimizaci\u00f3n en la mejora continua<\/p>\n<p><\/a><\/p>\n<p>Falta de optimizaci\u00f3n en la mejora continua<\/p>\n<p>No hay una planificaci\u00f3n de mejoras basadas en m\u00e9tricas.<\/p>\n<p>No hay una clara planificaci\u00f3n de mejora de procesos de alto retorno de inversi\u00f3n.<\/p>\n<p>An\u00e1lisis de corto rango para cambios de procesos, lo que hace que un arreglo de un problema cree otro o varios.<\/p>\n<p><a href=\"\"><\/p>\n<p><img decoding=\"async\" src=\"https:\/\/process-booster.com\/wp-content\/uploads\/2023\/08\/4-2.jpg\" \/><\/p>\n<p>Impacto negativo en las perspectivas estrat\u00e9gicas<\/p>\n<p><\/a><\/p>\n<p>Impacto negativo en las perspectivas estrat\u00e9gicas<\/p>\n<p>Financiera<\/p>\n<p>Desperdicio de tiempo y recursos econ\u00f3micos <\/p>\n<p>Aumento de costos <\/p>\n<p>Menos utilizaci\u00f3n de activos <\/p>\n<p>Menos probabilidades de expandir ingresos o nuevos negocios <\/p>\n<p>Disminuci\u00f3n de valor al cliente <\/p>\n<p>Clientes<\/p>\n<p>Incumplimiento en la promesa de calidad al cliente<\/p>\n<p>Interna<\/p>\n<p>Inestabilidad operativa<\/p>\n<p>Aprendizaje <\/p>\n<p>Capital de informaci\u00f3n depreciada <\/p>\n<p><a href=\"\"><\/p>\n<p><img decoding=\"async\" src=\"https:\/\/process-booster.com\/wp-content\/uploads\/2023\/08\/5-2.jpg\" \/><\/p>\n<p>Sistemas de informaci\u00f3n inexactos<\/p>\n<p><\/a><\/p>\n<p>Sistemas de informaci\u00f3n inexactos<\/p>\n<p>Perdida de informaci\u00f3n valiosa cuando un colaborador clave renuncia a la empresa <\/p>\n<p>Manual de procesos nunca realizado o desactualizado <\/p>\n<p>No hay cultura de actualizaci\u00f3n de procesos despu\u00e9s de realizar cambios <\/p>\n<p>Gran parte de la informaci\u00f3n vital de la empresa est\u00e1 en la mente de los colaboradores<\/p>\n<p>La descripci\u00f3n de los procesos es incompleta<\/p>\n<p>No hay un material de procesos de lectura siempre para ser consultado por colaboradores <\/p>\n<p>Informalidad en las capacitaciones de nuevos colaborares sin procesos documentados actualizados<\/p>\n<p><a href=\"\"><\/p>\n<p><img decoding=\"async\" src=\"https:\/\/process-booster.com\/wp-content\/uploads\/2023\/08\/6-2.jpg\" \/><\/p>\n<p>Poca precisi\u00f3n en el detalle de procesos<\/p>\n<p><\/a><\/p>\n<p>Poca precisi\u00f3n en el detalle de procesos<\/p>\n<p>Poca precisi\u00f3n en el detalle de procesos<\/p>\n<p>No hay cultura de mejora de m\u00e9tricas de procesos <\/p>\n<p>Los colaboradores tienen dificultad de listar todos sus procesos<\/p>\n<p>No es posible saber cu\u00e1les procesos consumen m\u00e1s horas hombre <\/p>\n<p>Percepci\u00f3n de improductividad no identificada<\/p>\n<p>Inexistencia de hist\u00f3ricos para control sobre los errores<\/p>\n<p>Pica visualizaci\u00f3n gr\u00e1fica de la realidad de procesos<\/p>\n<p>Consultor\u00edaDesarrolladores<\/p>\n<p>CONTACTO<\/p>\n<p>PROCESS BOOSTER<\/p>\n<p>Tel.: +506 6121 2381<\/p>\n<p>WVMC+898, Trejos Montealegre, San Jos\u00e9 Province, Escazu<\/p>\n<p><a href=\"mailto:info@ouraddress.com\">ventas@process-booster.com<\/a><\/p>\n<p><a href=\"http:\/\/www.ouraddress.com\">www.process-booster.com<\/a><\/p>\n<p><a href=\"https:\/\/www.instagram.com\/processbooster\/\" target=\"_blank\" rel=\"noopener\"> <\/a><\/p>\n<p><a href=\"https:\/\/www.linkedin.com\/company\/process-booster-institute\/\" target=\"_blank\" rel=\"noopener\"> <\/a><\/p>\n","protected":false},"excerpt":{"rendered":"<p class=\"excerpt\">PROCESS BOOSTER Expertos en Transformaci\u00f3n Digital de Procesos y Automatizaci\u00f3n Empresarial \u00bfQu\u00e9 es Process Booster? OPTIMIZACI\u00d3NDIGITALIZACI\u00d3N Es un software especializado en la gesti\u00f3n digital que aplica la metodolog\u00eda para centralizar y optimizar la estructura de procesos de negocio con capacidad avanzada de an\u00e1lisis para aumentar la productividad y la automatizaci\u00f3n. Misi\u00f3n Brindar la eficiencia en [&hellip;]<\/p>\n","protected":false},"author":1,"featured_media":0,"parent":0,"menu_order":0,"comment_status":"closed","ping_status":"closed","template":"builder.php","meta":{"footnotes":""},"class_list":["post-30","page","type-page","status-publish","hentry"],"_links":{"self":[{"href":"https:\/\/process-booster.com\/index.php\/wp-json\/wp\/v2\/pages\/30","targetHints":{"allow":["GET"]}}],"collection":[{"href":"https:\/\/process-booster.com\/index.php\/wp-json\/wp\/v2\/pages"}],"about":[{"href":"https:\/\/process-booster.com\/index.php\/wp-json\/wp\/v2\/types\/page"}],"author":[{"embeddable":true,"href":"https:\/\/process-booster.com\/index.php\/wp-json\/wp\/v2\/users\/1"}],"replies":[{"embeddable":true,"href":"https:\/\/process-booster.com\/index.php\/wp-json\/wp\/v2\/comments?post=30"}],"version-history":[{"count":141,"href":"https:\/\/process-booster.com\/index.php\/wp-json\/wp\/v2\/pages\/30\/revisions"}],"predecessor-version":[{"id":419,"href":"https:\/\/process-booster.com\/index.php\/wp-json\/wp\/v2\/pages\/30\/revisions\/419"}],"wp:attachment":[{"href":"https:\/\/process-booster.com\/index.php\/wp-json\/wp\/v2\/media?parent=30"}],"curies":[{"name":"wp","href":"https:\/\/api.w.org\/{rel}","templated":true}]}}